3 + j. What is the hundreds digit of o?
1
Let w(k) be the third derivative of 43*k**4/12 - 89*k**3/6 - 3*k**2 + 33. What is the hundreds digit of w(3)?
1
Let c be 0 + 1 + 1 + 179 - 2. Suppose -k = -69 - c. Suppose -11*o + k = -3*o. What is the tens digit of o?
3
Let u be 1*(-8)/36 - (-722)/9. Let p = u - -2. What is the units digit of p?
2
Suppose -3*v + 4231 + 2794 = c, 5*v - 11703 = c. Suppose 15*u - v - 824 = 0. What is the units digit of u?
1
Let o(w) = -440*w + 835. What is the hundreds digit of o(-8)?
3
Let u = 4952 + 9790. What is the tens digit of u?
4
Let i(r) be the first derivative of -586*r**2 + 13*r - 141. What is the thousands digit of i(-1)?
1
Let i = -1625 - -9894. What is the thousands digit of i?
8
What is the thousands digit of ((-816426)/(-16))/3 + (-14)/16 + 1?
7
Suppose 2*n = -5*t + 15869, n - 5*t = 4318 + 3609. What is the units digit of n?
2
Suppose -21*u + 12 = -19*u. Suppose u*w = 9*w - 6. Suppose 4*t - 418 = q, -t + w*t + 2*q = 109. What is the units digit of t?
5
Let i(o) = 76*o - 5. Let a be i(2). Suppose 3*b - 6 = -3*w, -4*b + 31 - 8 = -w. Suppose 3*f - a = -5*t + 110, b*f - 2*t - 418 = 0. What is the tens digit of f?
8
Suppose -n - n = -136. Suppose -5*q = -2*z - 25 + 104, -3*q - 73 = -2*z. Let y = n - z. What is the tens digit of y?
3
Let b(i) = 8*i + 66. Let q be 2/((-6)/9) - (-140)/7. What is the hundreds digit of b(q)?
2
Suppose s = 5*s + 3*s. Let o = s - -15. What is the units digit of (o/(-2))/((-364)/176 - -2)?
0
Let x = -30 - -43. Suppose 4080 = x*w - w. What is the hundreds digit of w?
3
Suppose 16*z - 90821 = 13*z + d, -8 = 4*d. What is the units digit of z?
3
Let a be ((-12)/(-5))/(3/(17 - 2)). Suppose a*f = 3*f + 927. Suppose -j = -2*j + f. What is the units digit of j?
3
Let l(u) = 29*u + 91. Let g be l(-3). Let z = -30 + 95. What is the units digit of ((-1534)/z)/(g/(-10))?
9
Suppose 12 - 87 = 15*a. Let b be (2/a)/((-2793)/(-350) - 8). Suppose 3*v - l - 575 = 0, -3*l - b = l. What is the hundreds digit of v?
1
Let o(d) = 46*d - 370. Let h be o(8). Let g(n) = -41*n**3 - n**2 - 6*n - 5. What is the tens digit of g(h)?
3
Suppose -v - 15425 = -3*o, -25685 = -5*o - 20*v + 17*v. What is the thousands digit of o?
5
Suppose -z = -5*w - 6203, 191 = 4*w + 4*z + 5163. Let f = w - -1810. What is the tens digit of f?
6
Let q(b) = b**3 + 10*b**2 + 21*b + 43. Let w be q(-8). What is the units digit of (w - -6)*(-41)/(-1)?
9
Let m = -987 + 918. Let t = -4 + -1. Let w = t - m. What is the tens digit of w?
6
Let d(k) = k**3 + 4*k**2 - 2*k - 8. Let s be d(-3). Suppose 780 = 6*z + s*z. What is the units digit of z?
0
Suppose 0 = 5*t - 5*w - 106195, -3*w = 2*t - 1984 - 40509. What is the hundreds digit of t?
2
Suppose 99 + 1186 = c. Let z = 910 - c. What is the tens digit of (16/(-5))/(15/z)?
8
Suppose -5*a - 165*v + 167*v = -43354, 0 = 4*a - v - 34679. What is the hundreds digit of a?
6
What is the hundreds digit of (-6)/(-2) - (-2094 - (0 + 4))?
1
Suppose 13*j = -2*j. Suppose j = -7*m + 3569 + 204. What is the units digit of m?
9
Suppose 18*n + 1506 + 42 = 0. Let b = 118 - n. What is the hundreds digit of b?
2
Let p(k) = -6*k**3 - 6*k**2 - 10*k + 9. Let x be p(-7). Suppose -3*b = -2*w - x, 2*b - 5*w - 160 = 1054. What is the hundreds digit of b?
6
Let n = 946 - 1361. Let i = -27 - n. What is the tens digit of i?
8
Suppose 0 = -27*o - 1 + 28. Let k(u) = 171*u**2 - 7*u + 9. What is the tens digit of k(o)?
7
Suppose -b - 5*i + 43128 = 5742, i + 74860 = 2*b. What is the tens digit of b?
2
Let t = 209 - 207. Suppose t*x + 1404 = 6*x. What is the hundreds digit of x?
3
Let v be ((-6)/4)/(1/(-2)). Let q be -1*(-3)/(v/962). Suppose 5*g = -272 + q. What is the hundreds digit of g?
1
Let d(j) = -j**3 - 4*j**2 - 3*j - 17. Let i be d(-5). Let v = i - -105. What is the hundreds digit of v?
1
Let b(h) = h + 729. Let m be b(0). What is the hundreds digit of 5/3 + (-27)/(m/(-33894))?
2
Suppose i + 3*f - 7 = 1, 4 = 2*i + 3*f. Let m(l) = l**2 + 8*l - 9. Let g(d) = -d**2 - 8*d + 9. Let t(x) = i*g(x) - 3*m(x). What is the units digit of t(-10)?
1
Suppose -y + 8 = -2*m + 4, -m = -4*y + 9. Let q be y/(-12) + 1197/54. Let g = 53 - q. What is the tens digit of g?
3
Let n(j) be the third derivative of -59*j**4/8 - 53*j**3/6 - 61*j**2. What is the hundreds digit of n(-3)?
4
Let f = -41 - -41. Suppose 3*v + x + f*x + 205 = 0, 0 = -4*v + x - 271. Let s = v + 128. What is the units digit of s?
0
Let s(l) = 139*l**3 - 40*l**3 + 42*l**3 - 4*l**2 - 6*l + 4*l**2 + 10 + l**2. What is the tens digit of s(2)?
3
Let g be (-274)/(-4)*(-5 + 11). Let y = -265 + g. Suppose i = 5*c + 85, 5*c = 2*i + c - y. What is the units digit of i?
5
Suppose 13 = -4*n + 5*j - 79, 62 = -3*n + 2*j. Let o be 108/180 + (-68)/(-20)*-9. What is the tens digit of (o/2)/5*n?
5
Suppose 3*r + 139 = 4*d + 8*r, 2*r = -5*d + 178. Suppose -4*v + d = 4*b, 3*b + 23 = 3*v + 5*b. What is the units digit of v?
5
Let m(r) = 1747*r - 44. What is the thousands digit of m(3)?
5
Let v be -27 + 28 - (0 - 1). Suppose -v*g + 5*o + 51 = -39, -3*g + 3*o + 153 = 0. Let h = g + 38. What is the units digit of h?
3
Suppose 2*p + 4*r = -12, -p - 4*r - 16 = -0*p. Suppose -1988 = -p*v - 472. What is the tens digit of v?
7
Let q(s) = 2436*s**2 - 19*s + 4. What is the hundreds digit of q(2)?
7
Suppose 18*t - 20*t + 3*k = -4746, -5*k - 4754 = -2*t. What is the tens digit of t?
6
Let s(r) be the first derivative of r**5/24 - 13*r**4/24 - 4*r**3 + 22. Let w(f) be the third derivative of s(f). What is the tens digit of w(13)?
5
Suppose -5*f + 0*h = -4*h - 283, 0 = -4*f - 2*h + 216. Suppose f = 3*g - s, 0*g - s - 75 = -4*g. Suppose 6*d = 400 + g. What is the units digit of d?
0
Let j be (-1)/(-3) + -2 + (-18816)/(-63). Suppose -8*b + j = -319. What is the tens digit of b?
7
Suppose 0 = -k + 120*k - 545496. What is the hundreds digit of k?
5
Suppose o + 804 = 4*o. Let r be -178 + (-8)/(48/(-42)). Let b = o + r. What is the tens digit of b?
9
Suppose 18*v = -5*v + 69. Suppose v*o = 3*w + 2388, 1928 = 3*o + w - 476. What is the units digit of o?
0
Let o(w) = 10*w**3 + 4*w**2. Let q be o(-1). What is the tens digit of (q - (-512)/88) + (-26910)/(-22)?
2
Let g(l) = 1 + 71*l**2 + 139*l**2 + 3*l - 3. Suppose 95 = 155*j - 60*j. What is the tens digit of g(j)?
1
Suppose 4*n + 21 = 3329. Let h = -780 + n. What is the tens digit of h?
4
Let n = -5112 + 10199. What is the tens digit of n?
8
Suppose -263*w + 3109160 + 3649677 = 0. What is the hundreds digit of w?
6
Let m(a) = a**2 - 8*a - 24. Suppose -i + 2 = -3*s, 4*s - i + 4 = i. Suppose -2*h = h + 5*o - 18, s = -o - 3. What is the units digit of m(h)?
9
Let v(r) = 240*r + 74. Let z = -836 + 840. What is the units digit of v(z)?
4
Let u(y) = -243*y**3 - 9*y**2 - 13*y + 57. What is the thousands digit of u(-4)?
5
Suppose p - 10 = -4. Let o be (2/p)/((-20)/(-360)). Suppose -o*u + 5*u + 36 = 0. What is the tens digit of u?
3
Suppose 4*m + 90 = 5*j, -5*j - 5*m + 14 + 31 = 0. Let b be 30/j + -2 + (-656)/(-14). Suppose 159 = 4*w + b. What is the tens digit of w?
2
Suppose 2*p + 3*p = 10*p - 345595. What is the tens digit of p?
1
Suppose -5*n - 2920 = -u, -3*u + 1765 = -4*n - 6984. What is the tens digit of u?
1
Let o(b) = 289*b**3 + b**2 + 5*b - 5. Let x be o(1). Let n = 1006 - x. What is the hundreds digit of n?
7
Suppose -5*a + 6*a - 2285 = 12*g, -g - 11307 = -5*a. What is the tens digit of a?
6
Suppose 8 = 3*l - 1. Suppose -3*w + 3 = -b - 1, -l*w + 19 = 2*b. Suppose 3*j - 178 = -5*g, -b*g = 6*j - 2*j - 244. What is the units digit of j?
6
Let b = -395 - -397. Suppose 3*h = 2 + 4. Suppose h*v = l + v - 80, 2*v = -b*l + 176. What is the tens digit of l?
8
Let w = 14 - 0. Let h be w + 4/(2 - 4). Suppose y = j + 67, -3*y - j = -201 - h. What is the units digit of y?
0
Let a be (-20)/8*-2*231. Suppose -a = -17*m + 6*m. What is the hundreds digit of m?
1
Suppose -6*k = -67 - 53. Let u = 240 - k. What is the tens digit of u?
2
Let z(n) be the second derivative of n**5/20 - 11*n**4/12 - n**3/3 + 35*n**2/2 + 32*n. What is the tens digit of z(13)?
4
Let d = -57 + 62. Suppose -d*s = 4*b - 2611, -3*s = -3 - 6. What is the units digit of b?
9
Suppose 0*a + 6*a = 19716. Suppose 764 = 15*v - a. Suppose -2*p + v - 4 = 0. What is the units digit of p?
3
Let g(d) = 241 + d + 4*d + 291 - 8*d